, 61, 167
What are the prime factors of 202191?
3, 11, 557
List the prime factors of 7746097.
7746097
What are the prime factors of 236682?
2, 3, 487
List the prime factors of 151814.
2, 13, 5839
List the prime factors of 4312623.
3, 7, 137, 1499
List the prime factors of 307678.
2, 7, 21977
List the prime factors of 350350.
2, 5, 7, 11, 13
List the prime factors of 834601.
23, 131, 277
List the prime factors of 4274129.
37, 71, 1627
What are the prime factors of 1045365?
3, 5, 69691
What are the prime factors of 1264114?
2, 43, 14699
List the prime factors of 4616916.
2, 3, 29, 13267
What are the prime factors of 3775885?
5, 101, 7477
List the prime factors of 4911204.
2, 3, 409267
List the prime factors of 38055.
3, 5, 43, 59
List the prime factors of 230464.
2, 13, 277
What are the prime factors of 2009641?
1249, 1609
What are the prime factors of 26955?
3, 5, 599
List the prime factors of 141426.
2, 3, 97
List the prime factors of 49503.
3, 29, 569
List the prime factors of 3032348.
2, 11, 68917
List the prime factors of 12526699.
281, 44579
List the prime factors of 1650832.
2, 103177
List the prime factors of 2682675.
3, 5, 11923
What are the prime factors of 575177?
575177
List the prime factors of 27321471.
3, 103, 29473
List the prime factors of 572226.
2, 3, 283, 337
What are the prime factors of 27729979?
3023, 9173
List the prime factors of 2797723.
2797723
What are the prime factors of 5416?
2, 677
List the prime factors of 890513.
13, 68501
What are the prime factors of 189300?
2, 3, 5, 631
List the prime factors of 1585174.
2, 97, 8171
List the prime factors of 48910.
2, 5, 67, 73
List the prime factors of 10103029.
10103029
List the prime factors of 199808.
2, 7, 223
List the prime factors of 2646822.
2, 3, 43, 10259
List the prime factors of 204663.
3, 17, 4013
List the prime factors of 260222.
2, 23, 5657
What are the prime factors of 781115?
5, 29, 5387
List the prime factors of 691999.
7, 11, 19, 43
What are the prime factors of 478182?
2, 3, 79697
List the prime factors of 34251825.
3, 5, 37, 12343
List the prime factors of 707320.
2, 5, 17683
What are the prime factors of 1552893?
3, 431, 1201
What are the prime factors of 37766?
2, 23, 821
List the prime factors of 4652361.
3, 7, 73847
List the prime factors of 20608536.
2, 3, 13, 5081
List the prime factors of 346417.
346417
List the prime factors of 2460098.
2, 31, 39679
What are the prime factors of 812582?
2, 541, 751
What are the prime factors of 253942?
2, 13, 9767
List the prime factors of 4137603.
3, 1379201
List the prime factors of 32523.
3, 37, 293
List the prime factors of 192878.
2, 7, 23, 599
What are the prime factors of 1475228?
2, 31, 11897
What are the prime factors of 281446?
2, 11, 1163
List the prime factors of 376741.
67, 5623
List the prime factors of 1855575.
3, 5, 2749
List the prime factors of 211681.
211681
What are the prime factors of 1121542?
2, 560771
List the prime factors of 549592.
2, 68699
What are the prime factors of 4948750?
2, 5, 37, 107
List the prime factors of 8028637.
61, 131617
List the prime factors of 1020063.
3, 11, 30911
What are the prime factors of 464428?
2, 116107
What are the prime factors of 4753501?
37, 128473
List the prime factors of 93500.
2, 5, 11, 17
List the prime factors of 447046.
2, 107, 2089
List the prime factors of 279324.
2, 3, 7759
List the prime factors of 49046.
2, 137, 179
List the prime factors of 353964.
2, 3, 13, 2269
What are the prime factors of 1321003?
31, 43, 991
List the prime factors of 5967086.
2, 2983543
List the prime factors of 4893781.
47, 104123
List the prime factors of 7068.
2, 3, 19, 31
What are the prime factors of 155909?
13, 67, 179
List the prime factors of 5957143.
5957143
What are the prime factors of 91688?
2, 73, 157
List the prime factors of 21172947.
3, 7057649
List the prime factors of 1019988.
2, 3, 29, 977
List the prime factors of 753952.
2, 23561
List the prime factors of 1880476.
2, 13, 29, 43
List the prime factors of 3990241.
3990241
List the prime factors of 270916.
2, 89, 761
What are the prime factors of 9370889?
11, 851899
What are the prime factors of 207113?
207113
What are the prime factors of 1660912?
2, 11, 9437
What are the prime factors of 1708846?
2, 854423
What are the prime factors of 293370?
2, 3, 5, 7, 11, 127
List the prime factors of 545536.
2, 2131
List the prime factors of 473872.
2, 7, 4231
List the prime factors of 209688.
2, 3, 8737
List the prime factors of 13591192.
2, 271, 6269
What are the prime factors of 221964?
2, 3, 53, 349
List the prime factors of 850575.
3, 5, 11, 1031
List the prime factors of 45325.
5, 7, 37
What are the prime factors of 3979936?
2, 277, 449
What are the prime factors of 379467?
3, 11, 3833
List the prime factors of 18587575.
5, 233, 3191
List the prime factors of 310997.
310997
List the prime factors of 8686981.
8686981
What are the prime factors of 19935135?
3, 5, 11, 17, 23, 103
What are the prime factors of 1303147?
31, 127, 331
List the prime factors of 12571493.
11, 1142863
What are the prime factors of 50214?
2, 3, 8369
List the prime factors of 3167983.
7, 13, 31, 1123
List the prime factors of 972921.
3, 29, 53, 211
List the prime factors of 174160.
2, 5, 7, 311
List the prime factors of 88093.
88093
List the prime factors of 13344483.
3, 1283, 3467
What are the prime factors of 240137?
41, 5857
List the prime factors of 2409270.
2, 3, 5, 80309
List the prime factors of 14211113.
7, 31, 43, 1523
List the prime factors of 1174286.
2, 587143
What are the prime factors of 2466896?
2, 154181
List the prime factors of 2844211.
41, 69371
List the prime factors of 3423015.
3, 5, 29, 43, 61
List the prime factors of 41236422.
2, 3, 19, 361723
What are the prime factors of 169879?
19, 8941
What are the prime factors of 851807?
11, 211, 367
List the prime factors of 6184017.
3, 7, 103, 953
List the prime factors of 12510102.
2, 3, 11, 189547
What are the prime factors of 230095?
5, 17, 2707
What are the prime factors of 745630?
2, 5, 173, 431
List the prime factors of 440721.
3, 5441
List the prime factors of 4936965.
3, 5, 11, 29921
List the prime factors of 2463317.
17, 47, 3083
List the prime factors of 14341290.
2, 3, 5, 71, 6733
What are the prime factors of 7020615?
3, 5, 7, 66863
List the prime factors of 593922.
2, 3, 7, 79, 179
What are the prime factors of 3749113?
1013, 3701
List the prime factors of 634586.
2, 181, 1753
List the prime factors of 212918.
2, 29, 3671
List the prime factors of 1777278.
2, 3, 296213
List the prime factors of 79005.
3, 5, 23, 229
List the prime factors of 313201.
7, 101, 443
What are the prime factors of 8770062?
2, 3, 7, 17, 71, 173
What are the prime factors of 698560?
2, 5, 37, 59
List the prime factors of 6586864.
2, 411679
List the prime factors of 430157.
7, 13, 29, 163
List the prime factors of 225622.
2, 97, 1163
List the prime factors of 438977.
7, 11, 5701
What are the prime factors of 748616?
2, 11, 47, 181
What are the prime factors of 31497?
3, 10499
What are the prime factors of 4616777?
11, 53, 7919
List the prime factors of 83033.
43, 1931
List the prime factors of 582294.
2, 3, 107, 907
What are the prime factors of 2930184?
2, 3, 40697
List the prime factors of 606488.
2, 47, 1613
List the prime factors of 250159.
7, 13, 2749
List the prime factors of 1049449.
239, 4391
What are the prime factors of 6622166?
2, 101, 32783
What are the prime factors of 5624414?
2, 2812207
What are the prime factors of 497070?
2, 3, 5, 7, 263
List the prime factors of 857931.
3, 285977
List the prime factors of 497178.
2, 3, 11, 31
List the prime factors of 2154615.
3, 5, 379
List the prime factors of 1100383.
743, 1481
What are the prime factors of 414072?
2, 3, 71
List the prime factors of 725573.
113, 6421
What are the prime factors of 152141?
11, 13831
List the prime factors of 23105958.
2, 3, 17, 359, 631
What are the prime factors of 472269?
3, 7, 43, 523
List the prime factors of 296158.
2, 148079
What are the prime factors of 16911027?
3, 7, 31, 1237
List the prime factors of 17304546.
2, 3, 7, 71, 829
What are the prime factors of 1417725?
3, 5, 6301
What are the prime factors of 1084175?
5, 17, 2551
What are the prime factors of 65913?
3, 127, 173
What are th